[INFO] cloning repository https://github.com/alexeldeib/az-local-pvc
[INFO] running `Command { std: "git" "-c" "credential.helper=" "-c" "credential.helper=/workspace/cargo-home/bin/git-credential-null" "clone" "--bare" "https://github.com/alexeldeib/az-local-pvc" "/workspace/cache/git-repos/https%3A%2F%2Fgithub.com%2Falexeldeib%2Faz-local-pvc", kill_on_drop: false }`
[INFO] [stderr] Cloning into bare repository '/workspace/cache/git-repos/https%3A%2F%2Fgithub.com%2Falexeldeib%2Faz-local-pvc'...
[INFO] running `Command { std: "git" "rev-parse" "HEAD", kill_on_drop: false }`
[INFO] [stdout] 5ec023b0d4380eab37c9c0ec1890fc3813b9889e
[INFO] checking alexeldeib/az-local-pvc against try#72f88fc4e9458f89516a0b8b0868f3718aec5b47 for pr-74989
[INFO] running `Command { std: "git" "clone" "/workspace/cache/git-repos/https%3A%2F%2Fgithub.com%2Falexeldeib%2Faz-local-pvc" "/workspace/builds/worker-10/source", kill_on_drop: false }`
[INFO] [stderr] Cloning into '/workspace/builds/worker-10/source'...
[INFO] [stderr] done.
[INFO] validating manifest of git repo https://github.com/alexeldeib/az-local-pvc on toolchain 72f88fc4e9458f89516a0b8b0868f3718aec5b47
[INFO] running `Command { std: "/workspace/cargo-home/bin/cargo" "+72f88fc4e9458f89516a0b8b0868f3718aec5b47" "read-manifest" "--manifest-path" "Cargo.toml", kill_on_drop: false }`
[INFO] started tweaking git repo https://github.com/alexeldeib/az-local-pvc
[INFO] finished tweaking git repo https://github.com/alexeldeib/az-local-pvc
[INFO] tweaked toml for git repo https://github.com/alexeldeib/az-local-pvc written to /workspace/builds/worker-10/source/Cargo.toml
[INFO] crate git repo https://github.com/alexeldeib/az-local-pvc already has a lockfile, it will not be regenerated
[INFO] running `Command { std: "/workspace/cargo-home/bin/cargo" "+72f88fc4e9458f89516a0b8b0868f3718aec5b47" "fetch" "--locked" "--manifest-path" "Cargo.toml", kill_on_drop: false }`
[INFO] [stderr]     Blocking waiting for file lock on package cache
[INFO] [stderr] error: the lock file /workspace/builds/worker-10/source/Cargo.lock needs to be updated but --locked was passed to prevent this
[INFO] [stderr] If you want to try to generate the lock file without accessing the network, use the --offline flag.
[INFO] the lockfile is outdated, regenerating it
[INFO] running `Command { std: "/workspace/cargo-home/bin/cargo" "+72f88fc4e9458f89516a0b8b0868f3718aec5b47" "generate-lockfile" "--manifest-path" "Cargo.toml" "-Zno-index-update", kill_on_drop: false }`
[INFO] [stderr]     Blocking waiting for file lock on package cache
[INFO] [stderr]     Updating git repository `https://github.com/clap-rs/clap`
[INFO] running `Command { std: "/workspace/cargo-home/bin/cargo" "+72f88fc4e9458f89516a0b8b0868f3718aec5b47" "fetch" "--locked" "--manifest-path" "Cargo.toml", kill_on_drop: false }`
[INFO] [stderr]     Blocking waiting for file lock on package cache
[INFO] [stderr]  Downloading crates ...
[INFO] [stderr]   Downloaded slog-atomic v3.0.0
[INFO] running `Command { std: "docker" "create" "-v" "/var/lib/crater-agent-workspace/builds/worker-10/target:/opt/rustwide/target:rw,Z" "-v" "/var/lib/crater-agent-workspace/builds/worker-10/source:/opt/rustwide/workdir:ro,Z" "-v" "/var/lib/crater-agent-workspace/cargo-home:/opt/rustwide/cargo-home:ro,Z" "-v" "/var/lib/crater-agent-workspace/rustup-home:/opt/rustwide/rustup-home:ro,Z" "-e" "SOURCE_DIR=/opt/rustwide/workdir" "-e" "CARGO_TARGET_DIR=/opt/rustwide/target" "-e" "CARGO_HOME=/opt/rustwide/cargo-home" "-e" "RUSTUP_HOME=/opt/rustwide/rustup-home" "-w" "/opt/rustwide/workdir" "-m" "1610612736" "--user" "0:0" "--network" "none" "rustops/crates-build-env@sha256:d92eaeed33fa75130ca1ee6c8a01d1ffb62bac859dfdfb3450e3e5d1c0146529" "/opt/rustwide/cargo-home/bin/cargo" "+72f88fc4e9458f89516a0b8b0868f3718aec5b47" "metadata" "--no-deps" "--format-version=1", kill_on_drop: false }`
[INFO] [stdout] 080d26324e3911b0e653cc509b5b34d25fdd1941348f3c087dd01a4d29007031
[INFO] [stderr] WARNING: Your kernel does not support swap limit capabilities or the cgroup is not mounted. Memory limited without swap.
[INFO] running `Command { std: "docker" "start" "-a" "080d26324e3911b0e653cc509b5b34d25fdd1941348f3c087dd01a4d29007031", kill_on_drop: false }`
[INFO] running `Command { std: "docker" "inspect" "080d26324e3911b0e653cc509b5b34d25fdd1941348f3c087dd01a4d29007031", kill_on_drop: false }`
[INFO] running `Command { std: "docker" "rm" "-f" "080d26324e3911b0e653cc509b5b34d25fdd1941348f3c087dd01a4d29007031", kill_on_drop: false }`
[INFO] [stdout] 080d26324e3911b0e653cc509b5b34d25fdd1941348f3c087dd01a4d29007031
[INFO] running `Command { std: "docker" "create" "-v" "/var/lib/crater-agent-workspace/builds/worker-10/target:/opt/rustwide/target:rw,Z" "-v" "/var/lib/crater-agent-workspace/builds/worker-10/source:/opt/rustwide/workdir:ro,Z" "-v" "/var/lib/crater-agent-workspace/cargo-home:/opt/rustwide/cargo-home:ro,Z" "-v" "/var/lib/crater-agent-workspace/rustup-home:/opt/rustwide/rustup-home:ro,Z" "-e" "SOURCE_DIR=/opt/rustwide/workdir" "-e" "CARGO_TARGET_DIR=/opt/rustwide/target" "-e" "CARGO_INCREMENTAL=0" "-e" "RUST_BACKTRACE=full" "-e" "RUSTFLAGS=--cap-lints=forbid" "-e" "CARGO_HOME=/opt/rustwide/cargo-home" "-e" "RUSTUP_HOME=/opt/rustwide/rustup-home" "-w" "/opt/rustwide/workdir" "-m" "1610612736" "--user" "0:0" "--network" "none" "rustops/crates-build-env@sha256:d92eaeed33fa75130ca1ee6c8a01d1ffb62bac859dfdfb3450e3e5d1c0146529" "/opt/rustwide/cargo-home/bin/cargo" "+72f88fc4e9458f89516a0b8b0868f3718aec5b47" "check" "--frozen" "--all" "--all-targets" "--message-format=json", kill_on_drop: false }`
[INFO] [stderr] WARNING: Your kernel does not support swap limit capabilities or the cgroup is not mounted. Memory limited without swap.
[INFO] [stdout] 68be3b5c7fb6591c2a97de9af2fd06acc6832ef3855c610c84840073a094fe62
[INFO] running `Command { std: "docker" "start" "-a" "68be3b5c7fb6591c2a97de9af2fd06acc6832ef3855c610c84840073a094fe62", kill_on_drop: false }`
[INFO] [stderr]     Checking cfg-if v0.1.10
[INFO] [stderr]     Checking lazy_static v1.4.0
[INFO] [stderr]    Compiling syn v1.0.40
[INFO] [stderr]    Compiling maybe-uninit v2.0.0
[INFO] [stderr]    Compiling serde v1.0.116
[INFO] [stderr]    Compiling bitflags v1.2.1
[INFO] [stderr]     Checking hashbrown v0.9.0
[INFO] [stderr]     Checking termcolor v1.1.0
[INFO] [stderr]    Compiling num-traits v0.2.12
[INFO] [stderr]    Compiling num-integer v0.1.43
[INFO] [stderr]    Compiling indexmap v1.6.0
[INFO] [stderr]     Checking textwrap v0.12.1
[INFO] [stderr]    Compiling proc-macro2 v1.0.21
[INFO] [stderr]     Checking dirs-sys v0.3.5
[INFO] [stderr]     Checking time v0.1.44
[INFO] [stderr]     Checking atty v0.2.14
[INFO] [stderr]     Checking slog-atomic v3.0.0
[INFO] [stderr]     Checking thread_local v1.0.1
[INFO] [stderr]     Checking crossbeam-utils v0.7.2
[INFO] [stderr]     Checking dirs v2.0.2
[INFO] [stderr]     Checking term v0.6.1
[INFO] [stderr]     Checking crossbeam-channel v0.4.4
[INFO] [stderr]    Compiling quote v1.0.7
[INFO] [stderr]    Compiling proc-macro-error-attr v1.0.4
[INFO] [stderr]     Checking slog-async v2.5.0
[INFO] [stderr]     Checking chrono v0.4.15
[INFO] [stderr]     Checking slog-term v2.6.0
[INFO] [stderr]    Compiling proc-macro-error v1.0.4
[INFO] [stderr]     Checking serde_json v1.0.57
[INFO] [stderr]    Compiling clap_derive v3.0.0-beta.1 (https://github.com/clap-rs/clap#03c11607)
[INFO] [stderr]     Checking slog-json v2.3.0
[INFO] [stderr]     Checking clap v3.0.0-beta.1 (https://github.com/clap-rs/clap#03c11607)
[INFO] [stderr]     Checking az-local-pvc v0.0.1 (/opt/rustwide/workdir)
[INFO] [stdout] error[E0433]: failed to resolve: use of undeclared type or module `udev`
[INFO] [stdout]   --> src/main.rs:77:26
[INFO] [stdout]    |
[INFO] [stdout] 77 |     let mut enumerator = udev::Enumerator::new().unwrap();
[INFO] [stdout]    |                          ^^^^ use of undeclared type or module `udev`
[INFO] [stdout] 
[INFO] [stdout] 
[INFO] [stdout] error[E0433]: failed to resolve: use of undeclared type or module `udev`
[INFO] [stdout]   --> src/main.rs:88:22
[INFO] [stdout]    |
[INFO] [stdout] 88 |     let devices: Vec<udev::Device> = enumerator.scan_devices()?.collect();
[INFO] [stdout]    |                      ^^^^ use of undeclared type or module `udev`
[INFO] [stdout] 
[INFO] [stdout] 
[INFO] [stdout] warning: unused import: `std::time::Duration`
[INFO] [stdout]  --> src/main.rs:6:5
[INFO] [stdout]   |
[INFO] [stdout] 6 | use std::time::Duration;
[INFO] [stdout]   |     ^^^^^^^^^^^^^^^^^^^
[INFO] [stdout]   |
[INFO] [stdout]   = note: `#[warn(unused_imports)]` on by default
[INFO] [stdout] 
[INFO] [stdout] 
[INFO] [stdout] warning: unused import: `std::ffi::OsString`
[INFO] [stdout]  --> src/main.rs:7:5
[INFO] [stdout]   |
[INFO] [stdout] 7 | use std::ffi::OsString;
[INFO] [stdout]   |     ^^^^^^^^^^^^^^^^^^
[INFO] [stdout] 
[INFO] [stdout] 
[INFO] [stdout] warning: unused imports: `select`, `tick`
[INFO] [stdout]   --> src/main.rs:10:25
[INFO] [stdout]    |
[INFO] [stdout] 10 | use crossbeam_channel::{select, tick};
[INFO] [stdout]    |                         ^^^^^^  ^^^^
[INFO] [stdout] 
[INFO] [stdout] 
[INFO] [stdout] error[E0433]: failed to resolve: use of undeclared type or module `udev`
[INFO] [stdout]   --> src/main.rs:77:26
[INFO] [stdout]    |
[INFO] [stdout] 77 |     let mut enumerator = udev::Enumerator::new().unwrap();
[INFO] [stdout]    |                          ^^^^ use of undeclared type or module `udev`
[INFO] [stdout] 
[INFO] [stdout] 
[INFO] [stdout] error[E0433]: failed to resolve: use of undeclared type or module `udev`
[INFO] [stdout]   --> src/main.rs:88:22
[INFO] [stdout]    |
[INFO] [stdout] 88 |     let devices: Vec<udev::Device> = enumerator.scan_devices()?.collect();
[INFO] [stdout]    |                      ^^^^ use of undeclared type or module `udev`
[INFO] [stdout] 
[INFO] [stdout] 
[INFO] [stdout] warning: unused import: `std::time::Duration`
[INFO] [stdout]  --> src/main.rs:6:5
[INFO] [stdout]   |
[INFO] [stdout] 6 | use std::time::Duration;
[INFO] [stdout]   |     ^^^^^^^^^^^^^^^^^^^
[INFO] [stdout]   |
[INFO] [stdout]   = note: `#[warn(unused_imports)]` on by default
[INFO] [stdout] 
[INFO] [stdout] 
[INFO] [stdout] warning: unused import: `std::ffi::OsString`
[INFO] [stdout]  --> src/main.rs:7:5
[INFO] [stdout]   |
[INFO] [stdout] 7 | use std::ffi::OsString;
[INFO] [stdout]   |     ^^^^^^^^^^^^^^^^^^
[INFO] [stdout] 
[INFO] [stdout] 
[INFO] [stdout] warning: unused imports: `select`, `tick`
[INFO] [stdout]   --> src/main.rs:10:25
[INFO] [stdout]    |
[INFO] [stdout] 10 | use crossbeam_channel::{select, tick};
[INFO] [stdout]    |                         ^^^^^^  ^^^^
[INFO] [stdout] 
[INFO] [stdout] 
[INFO] [stdout] error[E0599]: no function or associated item named `with_name` found for struct `Arg<'_>` in the current scope
[INFO] [stdout]   --> src/main.rs:38:18
[INFO] [stdout]    |
[INFO] [stdout] 38 |             Arg::with_name("output")
[INFO] [stdout]    |                  ^^^^^^^^^
[INFO] [stdout]    |                  |
[INFO] [stdout]    |                  function or associated item not found in `Arg<'_>`
[INFO] [stdout]    |                  help: there is an associated function with a similar name: `get_name`
[INFO] [stdout] 
[INFO] [stdout] 
[INFO] [stdout] error[E0599]: no function or associated item named `with_name` found for struct `Arg<'_>` in the current scope
[INFO] [stdout]   --> src/main.rs:38:18
[INFO] [stdout]    |
[INFO] [stdout] 38 |             Arg::with_name("output")
[INFO] [stdout]    |                  ^^^^^^^^^
[INFO] [stdout]    |                  |
[INFO] [stdout]    |                  function or associated item not found in `Arg<'_>`
[INFO] [stdout]    |                  help: there is an associated function with a similar name: `get_name`
[INFO] [stdout] 
[INFO] [stdout] 
[INFO] [stdout] error: aborting due to 3 previous errors; 3 warnings emitted
[INFO] [stdout] 
[INFO] [stdout] 
[INFO] [stdout] Some errors have detailed explanations: E0433, E0599.
[INFO] [stdout] 
[INFO] [stdout] For more information about an error, try `rustc --explain E0433`.
[INFO] [stdout] 
[INFO] [stdout] error: aborting due to 3 previous errors; 3 warnings emitted
[INFO] [stdout] 
[INFO] [stdout] 
[INFO] [stdout] Some errors have detailed explanations: E0433, E0599.
[INFO] [stdout] 
[INFO] [stdout] For more information about an error, try `rustc --explain E0433`.
[INFO] [stdout] 
[INFO] [stderr] error: could not compile `az-local-pvc`.
[INFO] [stderr] 
[INFO] [stderr] To learn more, run the command again with --verbose.
[INFO] [stderr] warning: build failed, waiting for other jobs to finish...
[INFO] [stderr] error: build failed
[INFO] running `Command { std: "docker" "inspect" "68be3b5c7fb6591c2a97de9af2fd06acc6832ef3855c610c84840073a094fe62", kill_on_drop: false }`
[INFO] running `Command { std: "docker" "rm" "-f" "68be3b5c7fb6591c2a97de9af2fd06acc6832ef3855c610c84840073a094fe62", kill_on_drop: false }`
[INFO] [stdout] 68be3b5c7fb6591c2a97de9af2fd06acc6832ef3855c610c84840073a094fe62
